{"id":4373,"date":"2017-03-30T10:29:56","date_gmt":"2017-03-30T08:29:56","guid":{"rendered":"http:\/\/www.rosaprimainfanzia.it\/wp\/?page_id=4373"},"modified":"2020-11-19T21:08:05","modified_gmt":"2020-11-19T20:08:05","slug":"airbaby","status":"publish","type":"page","link":"https:\/\/www.rosaprimainfanzia.it\/wp\/airbaby\/","title":{"rendered":"AIRBABY"},"content":{"rendered":"<p>[vc_row css=&#8221;.vc_custom_1603999900253{padding-top: 50px !important;}&#8221;][vc_column width=&#8221;1\/2&#8243;][vc_single_image image=&#8221;7082&#8243; img_size=&#8221;large&#8221; alignment=&#8221;center&#8221;][\/vc_column][vc_column width=&#8221;1\/2&#8243;]<div class=\"qodef-section-title-holder   qodef-st-animation qodef-st-left\" >\n\t<div class=\"qodef-st-inner\">\n\t\t\t\t\t<h3 class=\"qodef-st-title\" >\n\t\t\t\tAIRBABY\t\t\t<\/h3>\n\t\t\t\t<span class=\"qodef-st-separator\"><\/span>\n\t\t\t\t\t<p class=\"qodef-st-text\" >\n\t\t\t\tCuscino altamente traspirante disponibile nella misura per carrozzina e per lettino. Il guanciale \u00e8 realizzato in poliuretano espanso con fori di sicurezza e il rivestimento \u00e8 in cotone 100% sanitizzato, anallergico e antibatterico sfoderabile e lavabile in lavatrice. Il cuscino per lettino \u00e8 sagomato all\u2019altezza del collo per un maggior comfort. Confezionato in sacchetto trasparente con gancio e poster descrittivo.\t\t\t<\/p>\n\t\t\t\t\t<\/div>\n<\/div>[vc_single_image image=&#8221;7083&#8243; img_size=&#8221;large&#8221;][vc_empty_space][vc_separator][vc_empty_space][vc_tta_tabs style=&#8221;flat&#8221; shape=&#8221;square&#8221; color=&#8221;white&#8221; gap=&#8221;2&#8243; active_section=&#8221;1&#8243; css=&#8221;.vc_custom_1604075015992{padding-bottom: 50px !important;}&#8221;][vc_tta_section title=&#8221;Dimensioni disponibili&#8221; tab_id=&#8221;1599065992200-6e0bcfa6-c4eb&#8221;][vc_single_image image=&#8221;7084&#8243; img_size=&#8221;medium&#8221; css=&#8221;.vc_custom_1605778394409{padding-top: 30px !important;}&#8221;][\/vc_tta_section][vc_tta_section title=&#8221;Certificazioni&#8221; tab_id=&#8221;1598455584499-45f6cfd4-8bd8&#8243;][vc_media_grid element_width=&#8221;2&#8243; gap=&#8221;4&#8243; initial_loading_animation=&#8221;none&#8221; grid_id=&#8221;vc_gid:1605816473844-324a6333-0a2e-5&#8243; include=&#8221;6861,6857,6858,6859,6862&#8243; css=&#8221;.vc_custom_1605777410135{padding-right: 70px !important;}&#8221;][\/vc_tta_section][\/vc_tta_tabs][\/vc_column][\/vc_row][vc_row content_text_aligment=&#8221;left&#8221; css=&#8221;.vc_custom_1603999981633{padding-bottom: 50px !important;}&#8221;][vc_column][vc_single_image image=&#8221;6901&#8243; img_size=&#8221;full&#8221; alignment=&#8221;center&#8221;][vc_btn title=&#8221;Torna alla linea guanciali&#8221; style=&#8221;flat&#8221; shape=&#8221;square&#8221; color=&#8221;info&#8221; align=&#8221;center&#8221; link=&#8221;url:http%3A%2F%2Fwww.rosaprimainfanzia.it%2Fwp%2Fcompleti-e-guanciali%2F|title:materassi||&#8221; css=&#8221;.vc_custom_1605776507607{padding-top: 30px !important;}&#8221;][\/vc_column][\/vc_row]<\/p>\n","protected":false},"excerpt":{"rendered":"<p>[vc_row css=&#8221;.vc_custom_1603999900253{padding-top: 50px !important;}&#8221;][vc_column width=&#8221;1\/2&#8243;][vc_single_image image=&#8221;7082&#8243; img_size=&#8221;large&#8221; alignment=&#8221;center&#8221;][\/vc_column][vc_column width=&#8221;1\/2&#8243;][vc_single_image image=&#8221;7083&#8243; img_size=&#8221;large&#8221;][vc_empty_space][vc_separator][vc_empty_space][vc_tta_tabs style=&#8221;flat&#8221; shape=&#8221;square&#8221; color=&#8221;white&#8221; gap=&#8221;2&#8243; active_section=&#8221;1&#8243; css=&#8221;.vc_custom_1604075015992{padding-bottom: 50px !important;}&#8221;][vc_tta_section title=&#8221;Dimensioni disponibili&#8221; tab_id=&#8221;1599065992200-6e0bcfa6-c4eb&#8221;][vc_single_image image=&#8221;7084&#8243; img_size=&#8221;medium&#8221; css=&#8221;.vc_custom_1605778394409{padding-top: 30px !important;}&#8221;][\/vc_tta_section][vc_tta_section title=&#8221;Certificazioni&#8221; tab_id=&#8221;1598455584499-45f6cfd4-8bd8&#8243;][vc_media_grid element_width=&#8221;2&#8243; gap=&#8221;4&#8243; initial_loading_animation=&#8221;none&#8221; grid_id=&#8221;vc_gid:1605816473844-324a6333-0a2e-5&#8243; include=&#8221;6861,6857,6858,6859,6862&#8243; css=&#8221;.vc_custom_1605777410135{padding-right: 70px !important;}&#8221;][\/vc_tta_section][\/vc_tta_tabs][\/vc_column][\/vc_row][vc_row content_text_aligment=&#8221;left&#8221; css=&#8221;.vc_custom_1603999981633{padding-bottom: 50px [&hellip;]<\/p>\n","protected":false},"author":1,"featured_media":0,"parent":0,"menu_order":0,"comment_status":"closed","ping_status":"closed","template":"","meta":[],"yoast_head":"<!-- This site is optimized with the Yoast SEO plugin v20.8 - https:\/\/yoast.com\/wordpress\/plugins\/seo\/ -->\n<title>AIRBABY - Rosaprimainfanzia<\/title>\n<meta name=\"description\" content=\"AIRBABY, prodotti made in Italy di alta qualit\u00e0 per il tuo bimbo, tutti prodotti per l&#039;infanzia testati e certificati secondo la normativa europea EN16890:2017. scegli il meglio per il tuo bimbo\" \/>\n<meta name=\"robots\" content=\"index, follow, max-snippet:-1, max-image-preview:large, max-video-preview:-1\" \/>\n<link rel=\"canonical\" href=\"https:\/\/www.rosaprimainfanzia.it\/wp\/airbaby\/\" \/>\n<meta property=\"og:locale\" content=\"it_IT\" \/>\n<meta property=\"og:type\" content=\"article\" \/>\n<meta property=\"og:title\" content=\"AIRBABY - Rosaprimainfanzia\" \/>\n<meta property=\"og:description\" content=\"AIRBABY, prodotti made in Italy di alta qualit\u00e0 per il tuo bimbo, tutti prodotti per l&#039;infanzia testati e certificati secondo la normativa europea EN16890:2017. scegli il meglio per il tuo bimbo\" \/>\n<meta property=\"og:url\" content=\"https:\/\/www.rosaprimainfanzia.it\/wp\/airbaby\/\" \/>\n<meta property=\"og:site_name\" content=\"Rosaprimainfanzia\" \/>\n<meta property=\"article:publisher\" content=\"https:\/\/www.facebook.com\/RosaPrimaInfanzia\" \/>\n<meta property=\"article:modified_time\" content=\"2020-11-19T20:08:05+00:00\" \/>\n<meta name=\"twitter:card\" content=\"summary_large_image\" \/>\n<meta name=\"twitter:label1\" content=\"Tempo di lettura stimato\" \/>\n\t<meta name=\"twitter:data1\" content=\"1 minuto\" \/>\n<script type=\"application\/ld+json\" class=\"yoast-schema-graph\">{\"@context\":\"https:\/\/schema.org\",\"@graph\":[{\"@type\":\"WebPage\",\"@id\":\"https:\/\/www.rosaprimainfanzia.it\/wp\/airbaby\/\",\"url\":\"https:\/\/www.rosaprimainfanzia.it\/wp\/airbaby\/\",\"name\":\"AIRBABY - Rosaprimainfanzia\",\"isPartOf\":{\"@id\":\"https:\/\/www.rosaprimainfanzia.it\/wp\/#website\"},\"datePublished\":\"2017-03-30T08:29:56+00:00\",\"dateModified\":\"2020-11-19T20:08:05+00:00\",\"description\":\"AIRBABY, prodotti made in Italy di alta qualit\u00e0 per il tuo bimbo, tutti prodotti per l'infanzia testati e certificati secondo la normativa europea EN16890:2017. scegli il meglio per il tuo bimbo\",\"breadcrumb\":{\"@id\":\"https:\/\/www.rosaprimainfanzia.it\/wp\/airbaby\/#breadcrumb\"},\"inLanguage\":\"it-IT\",\"potentialAction\":[{\"@type\":\"ReadAction\",\"target\":[\"https:\/\/www.rosaprimainfanzia.it\/wp\/airbaby\/\"]}]},{\"@type\":\"BreadcrumbList\",\"@id\":\"https:\/\/www.rosaprimainfanzia.it\/wp\/airbaby\/#breadcrumb\",\"itemListElement\":[{\"@type\":\"ListItem\",\"position\":1,\"name\":\"Home\",\"item\":\"https:\/\/www.rosaprimainfanzia.it\/wp\/\"},{\"@type\":\"ListItem\",\"position\":2,\"name\":\"AIRBABY\"}]},{\"@type\":\"WebSite\",\"@id\":\"https:\/\/www.rosaprimainfanzia.it\/wp\/#website\",\"url\":\"https:\/\/www.rosaprimainfanzia.it\/wp\/\",\"name\":\"Rosaprimainfanzia\",\"description\":\"il primo sonno \u00e8...rosa\",\"publisher\":{\"@id\":\"https:\/\/www.rosaprimainfanzia.it\/wp\/#organization\"},\"potentialAction\":[{\"@type\":\"SearchAction\",\"target\":{\"@type\":\"EntryPoint\",\"urlTemplate\":\"https:\/\/www.rosaprimainfanzia.it\/wp\/?s={search_term_string}\"},\"query-input\":\"required name=search_term_string\"}],\"inLanguage\":\"it-IT\"},{\"@type\":\"Organization\",\"@id\":\"https:\/\/www.rosaprimainfanzia.it\/wp\/#organization\",\"name\":\"rosaprimainfanzia\",\"url\":\"https:\/\/www.rosaprimainfanzia.it\/wp\/\",\"logo\":{\"@type\":\"ImageObject\",\"inLanguage\":\"it-IT\",\"@id\":\"https:\/\/www.rosaprimainfanzia.it\/wp\/#\/schema\/logo\/image\/\",\"url\":\"https:\/\/www.rosaprimainfanzia.it\/wp\/wp-content\/uploads\/2020\/12\/LogoRosa.png\",\"contentUrl\":\"https:\/\/www.rosaprimainfanzia.it\/wp\/wp-content\/uploads\/2020\/12\/LogoRosa.png\",\"width\":301,\"height\":106,\"caption\":\"rosaprimainfanzia\"},\"image\":{\"@id\":\"https:\/\/www.rosaprimainfanzia.it\/wp\/#\/schema\/logo\/image\/\"},\"sameAs\":[\"https:\/\/www.facebook.com\/RosaPrimaInfanzia\",\"https:\/\/www.instagram.com\/rosaprimainfanzia\/\",\"https:\/\/www.youtube.com\/channel\/UCGZCx42AE6MVqHLq0qXzAiA\"]}]}<\/script>\n<!-- \/ Yoast SEO plugin. -->","yoast_head_json":{"title":"AIRBABY - Rosaprimainfanzia","description":"AIRBABY, prodotti made in Italy di alta qualit\u00e0 per il tuo bimbo, tutti prodotti per l'infanzia testati e certificati secondo la normativa europea EN16890:2017. scegli il meglio per il tuo bimbo","robots":{"index":"index","follow":"follow","max-snippet":"max-snippet:-1","max-image-preview":"max-image-preview:large","max-video-preview":"max-video-preview:-1"},"canonical":"https:\/\/www.rosaprimainfanzia.it\/wp\/airbaby\/","og_locale":"it_IT","og_type":"article","og_title":"AIRBABY - Rosaprimainfanzia","og_description":"AIRBABY, prodotti made in Italy di alta qualit\u00e0 per il tuo bimbo, tutti prodotti per l'infanzia testati e certificati secondo la normativa europea EN16890:2017. scegli il meglio per il tuo bimbo","og_url":"https:\/\/www.rosaprimainfanzia.it\/wp\/airbaby\/","og_site_name":"Rosaprimainfanzia","article_publisher":"https:\/\/www.facebook.com\/RosaPrimaInfanzia","article_modified_time":"2020-11-19T20:08:05+00:00","twitter_card":"summary_large_image","twitter_misc":{"Tempo di lettura stimato":"1 minuto"},"schema":{"@context":"https:\/\/schema.org","@graph":[{"@type":"WebPage","@id":"https:\/\/www.rosaprimainfanzia.it\/wp\/airbaby\/","url":"https:\/\/www.rosaprimainfanzia.it\/wp\/airbaby\/","name":"AIRBABY - Rosaprimainfanzia","isPartOf":{"@id":"https:\/\/www.rosaprimainfanzia.it\/wp\/#website"},"datePublished":"2017-03-30T08:29:56+00:00","dateModified":"2020-11-19T20:08:05+00:00","description":"AIRBABY, prodotti made in Italy di alta qualit\u00e0 per il tuo bimbo, tutti prodotti per l'infanzia testati e certificati secondo la normativa europea EN16890:2017. scegli il meglio per il tuo bimbo","breadcrumb":{"@id":"https:\/\/www.rosaprimainfanzia.it\/wp\/airbaby\/#breadcrumb"},"inLanguage":"it-IT","potentialAction":[{"@type":"ReadAction","target":["https:\/\/www.rosaprimainfanzia.it\/wp\/airbaby\/"]}]},{"@type":"BreadcrumbList","@id":"https:\/\/www.rosaprimainfanzia.it\/wp\/airbaby\/#breadcrumb","itemListElement":[{"@type":"ListItem","position":1,"name":"Home","item":"https:\/\/www.rosaprimainfanzia.it\/wp\/"},{"@type":"ListItem","position":2,"name":"AIRBABY"}]},{"@type":"WebSite","@id":"https:\/\/www.rosaprimainfanzia.it\/wp\/#website","url":"https:\/\/www.rosaprimainfanzia.it\/wp\/","name":"Rosaprimainfanzia","description":"il primo sonno \u00e8...rosa","publisher":{"@id":"https:\/\/www.rosaprimainfanzia.it\/wp\/#organization"},"potentialAction":[{"@type":"SearchAction","target":{"@type":"EntryPoint","urlTemplate":"https:\/\/www.rosaprimainfanzia.it\/wp\/?s={search_term_string}"},"query-input":"required name=search_term_string"}],"inLanguage":"it-IT"},{"@type":"Organization","@id":"https:\/\/www.rosaprimainfanzia.it\/wp\/#organization","name":"rosaprimainfanzia","url":"https:\/\/www.rosaprimainfanzia.it\/wp\/","logo":{"@type":"ImageObject","inLanguage":"it-IT","@id":"https:\/\/www.rosaprimainfanzia.it\/wp\/#\/schema\/logo\/image\/","url":"https:\/\/www.rosaprimainfanzia.it\/wp\/wp-content\/uploads\/2020\/12\/LogoRosa.png","contentUrl":"https:\/\/www.rosaprimainfanzia.it\/wp\/wp-content\/uploads\/2020\/12\/LogoRosa.png","width":301,"height":106,"caption":"rosaprimainfanzia"},"image":{"@id":"https:\/\/www.rosaprimainfanzia.it\/wp\/#\/schema\/logo\/image\/"},"sameAs":["https:\/\/www.facebook.com\/RosaPrimaInfanzia","https:\/\/www.instagram.com\/rosaprimainfanzia\/","https:\/\/www.youtube.com\/channel\/UCGZCx42AE6MVqHLq0qXzAiA"]}]}},"_links":{"self":[{"href":"https:\/\/www.rosaprimainfanzia.it\/wp\/wp-json\/wp\/v2\/pages\/4373"}],"collection":[{"href":"https:\/\/www.rosaprimainfanzia.it\/wp\/wp-json\/wp\/v2\/pages"}],"about":[{"href":"https:\/\/www.rosaprimainfanzia.it\/wp\/wp-json\/wp\/v2\/types\/page"}],"author":[{"embeddable":true,"href":"https:\/\/www.rosaprimainfanzia.it\/wp\/wp-json\/wp\/v2\/users\/1"}],"replies":[{"embeddable":true,"href":"https:\/\/www.rosaprimainfanzia.it\/wp\/wp-json\/wp\/v2\/comments?post=4373"}],"version-history":[{"count":6,"href":"https:\/\/www.rosaprimainfanzia.it\/wp\/wp-json\/wp\/v2\/pages\/4373\/revisions"}],"predecessor-version":[{"id":7241,"href":"https:\/\/www.rosaprimainfanzia.it\/wp\/wp-json\/wp\/v2\/pages\/4373\/revisions\/7241"}],"wp:attachment":[{"href":"https:\/\/www.rosaprimainfanzia.it\/wp\/wp-json\/wp\/v2\/media?parent=4373"}],"curies":[{"name":"wp","href":"https:\/\/api.w.org\/{rel}","templated":true}]}}

<p>[vc_row css=&#8221;.vc_custom_1603999900253{padding-top: 50px !important;}&#8221;][vc_column width=&#8221;1/2&#8243;][vc_single_image image=&#8221;7082&#8243; img_size=&#8221;large&#8221; alignment=&#8221;center&#8221;][/vc_column][vc_column width=&#8221;1/2&#8243;]<div class="qodef-section-title-holder   qodef-st-animation qodef-st-left" >
	<div class="qodef-st-inner">
					<h3 class="qodef-st-title" >
				AIRBABY			</h3>
				<span class="qodef-st-separator"></span>
					<p class="qodef-st-text" >
				Cuscino altamente traspirante disponibile nella misura per carrozzina e per lettino. Il guanciale è realizzato in poliuretano espanso con fori di sicurezza e il rivestimento è in cotone 100% sanitizzato, anallergico e antibatterico sfoderabile e lavabile in lavatrice. Il cuscino per lettino è sagomato all’altezza del collo per un maggior comfort. Confezionato in sacchetto trasparente con gancio e poster descrittivo.			</p>
					</div>
</div>[vc_single_image image=&#8221;7083&#8243; img_size=&#8221;large&#8221;][vc_empty_space][vc_separator][vc_empty_space][vc_tta_tabs style=&#8221;flat&#8221; shape=&#8221;square&#8221; color=&#8221;white&#8221; gap=&#8221;2&#8243; active_section=&#8221;1&#8243; css=&#8221;.vc_custom_1604075015992{padding-bottom: 50px !important;}&#8221;][vc_tta_section title=&#8221;Dimensioni disponibili&#8221; tab_id=&#8221;1599065992200-6e0bcfa6-c4eb&#8221;][vc_single_image image=&#8221;7084&#8243; img_size=&#8221;medium&#8221; css=&#8221;.vc_custom_1605778394409{padding-top: 30px !important;}&#8221;][/vc_tta_section][vc_tta_section title=&#8221;Certificazioni&#8221; tab_id=&#8221;1598455584499-45f6cfd4-8bd8&#8243;][vc_media_grid element_width=&#8221;2&#8243; gap=&#8221;4&#8243; initial_loading_animation=&#8221;none&#8221; grid_id=&#8221;vc_gid:1605816473844-324a6333-0a2e-5&#8243; include=&#8221;6861,6857,6858,6859,6862&#8243; css=&#8221;.vc_custom_1605777410135{padding-right: 70px !important;}&#8221;][/vc_tta_section][/vc_tta_tabs][/vc_column][/vc_row][vc_row content_text_aligment=&#8221;left&#8221; css=&#8221;.vc_custom_1603999981633{padding-bottom: 50px !important;}&#8221;][vc_column][vc_single_image image=&#8221;6901&#8243; img_size=&#8221;full&#8221; alignment=&#8221;center&#8221;][vc_btn title=&#8221;Torna alla linea guanciali&#8221; style=&#8221;flat&#8221; shape=&#8221;square&#8221; color=&#8221;info&#8221; align=&#8221;center&#8221; link=&#8221;url:http%3A%2F%2Fwww.rosaprimainfanzia.it%2Fwp%2Fcompleti-e-guanciali%2F|title:materassi||&#8221; css=&#8221;.vc_custom_1605776507607{padding-top: 30px !important;}&#8221;][/vc_column][/vc_row]</p>

<!-- This site is optimized with the Yoast SEO plugin v20.8 - https://yoast.com/wordpress/plugins/seo/ -->
<title>AIRBABY - Rosaprimainfanzia</title>
<meta name="description" content="AIRBABY, prodotti made in Italy di alta qualità per il tuo bimbo, tutti prodotti per l&#039;infanzia testati e certificati secondo la normativa europea EN16890:2017. scegli il meglio per il tuo bimbo" />
<meta name="robots" content="index, follow, max-snippet:-1, max-image-preview:large, max-video-preview:-1" />
<link rel="canonical" href="https://www.rosaprimainfanzia.it/wp/airbaby/" />
<meta property="og:locale" content="it_IT" />
<meta property="og:type" content="article" />
<meta property="og:title" content="AIRBABY - Rosaprimainfanzia" />
<meta property="og:description" content="AIRBABY, prodotti made in Italy di alta qualità per il tuo bimbo, tutti prodotti per l&#039;infanzia testati e certificati secondo la normativa europea EN16890:2017. scegli il meglio per il tuo bimbo" />
<meta property="og:url" content="https://www.rosaprimainfanzia.it/wp/airbaby/" />
<meta property="og:site_name" content="Rosaprimainfanzia" />
<meta property="article:publisher" content="https://www.facebook.com/RosaPrimaInfanzia" />
<meta property="article:modified_time" content="2020-11-19T20:08:05+00:00" />
<meta name="twitter:card" content="summary_large_image" />
<meta name="twitter:label1" content="Tempo di lettura stimato" />
	<meta name="twitter:data1" content="1 minuto" />
<script type="application/ld+json" class="yoast-schema-graph">{"@context":"https://schema.org","@graph":[{"@type":"WebPage","@id":"https://www.rosaprimainfanzia.it/wp/airbaby/","url":"https://www.rosaprimainfanzia.it/wp/airbaby/","name":"AIRBABY - Rosaprimainfanzia","isPartOf":{"@id":"https://www.rosaprimainfanzia.it/wp/#website"},"datePublished":"2017-03-30T08:29:56+00:00","dateModified":"2020-11-19T20:08:05+00:00","description":"AIRBABY, prodotti made in Italy di alta qualità per il tuo bimbo, tutti prodotti per l'infanzia testati e certificati secondo la normativa europea EN16890:2017. scegli il meglio per il tuo bimbo","breadcrumb":{"@id":"https://www.rosaprimainfanzia.it/wp/airbaby/#breadcrumb"},"inLanguage":"it-IT","potentialAction":[{"@type":"ReadAction","target":["https://www.rosaprimainfanzia.it/wp/airbaby/"]}]},{"@type":"BreadcrumbList","@id":"https://www.rosaprimainfanzia.it/wp/airbaby/#breadcrumb","itemListElement":[{"@type":"ListItem","position":1,"name":"Home","item":"https://www.rosaprimainfanzia.it/wp/"},{"@type":"ListItem","position":2,"name":"AIRBABY"}]},{"@type":"WebSite","@id":"https://www.rosaprimainfanzia.it/wp/#website","url":"https://www.rosaprimainfanzia.it/wp/","name":"Rosaprimainfanzia","description":"il primo sonno è...rosa","publisher":{"@id":"https://www.rosaprimainfanzia.it/wp/#organization"},"potentialAction":[{"@type":"SearchAction","target":{"@type":"EntryPoint","urlTemplate":"https://www.rosaprimainfanzia.it/wp/?s={search_term_string}"},"query-input":"required name=search_term_string"}],"inLanguage":"it-IT"},{"@type":"Organization","@id":"https://www.rosaprimainfanzia.it/wp/#organization","name":"rosaprimainfanzia","url":"https://www.rosaprimainfanzia.it/wp/","logo":{"@type":"ImageObject","inLanguage":"it-IT","@id":"https://www.rosaprimainfanzia.it/wp/#/schema/logo/image/","url":"https://www.rosaprimainfanzia.it/wp/wp-content/uploads/2020/12/LogoRosa.png","contentUrl":"https://www.rosaprimainfanzia.it/wp/wp-content/uploads/2020/12/LogoRosa.png","width":301,"height":106,"caption":"rosaprimainfanzia"},"image":{"@id":"https://www.rosaprimainfanzia.it/wp/#/schema/logo/image/"},"sameAs":["https://www.facebook.com/RosaPrimaInfanzia","https://www.instagram.com/rosaprimainfanzia/","https://www.youtube.com/channel/UCGZCx42AE6MVqHLq0qXzAiA"]}]}</script>
<!-- / Yoast SEO plugin. -->

AIRBABY, prodotti made in Italy di alta qualità per il tuo bimbo, tutti prodotti per l'infanzia testati e certificati secondo la normativa europea EN16890:2017. scegli il meglio per il tuo bimbo

il primo sonno è...rosa
